.
4
Let x(g) = -g**2 - 9*g - 11. Let y be x(-7). Let v(l) = -l - 2. Determine v(y).
-5
Let m = -21 - -33. Suppose r = -r + m. Suppose 0*l - r = -l. Let j(k) = k**3 - 5*k**2 - 5*k - 2. What is j(l)?
4
Let v(s) = -s**2 + 8*s - 6. Let p = -77 + 84. Calculate v(p).
1
Suppose 0 = 5*p + 28 - 3. Let s(a) = -5*a - 2. Let o(m) = -6*m - 3. Let q(w) = 4*o(w) - 5*s(w). Calculate q(p).
-7
Let k(n) = 2*n - 10. Let t be k(5). Let w(x) be the second derivative of -2*x**2 - x**3 + t - x - 1/12*x**4. What is w(-5)?
1
Let g(f) = -f**3 - 6*f**2 - 3*f + 7. Suppose 3*v - 4*j = 1, -j + 27 = -3*v - 4*j. Determine g(v).
-3
Let l(k) = 8*k**3 + 7 - 7*k**3 - 3*k**2 - 6. Let m(g) be the second derivative of g**4/12 + g**3/6 + g**2 + 2*g. Let q be m(0). Calculate l(q).
-3
Let d(a) = -6*a - 2*a + 4*a - 9 + 3*a. Give d(-6).
-3
Let q(k) = -7*k - 9. Let m(s) = 4*s + 5. Let o(x) = 5*m(x) + 3*q(x). Give o(2).
-4
Let g(q) = q**3 - q**2 + 1. Let i(n) = -n**3 + 3*n**2 - 2*n - 4. Let m be (8/6)/4*-3. Suppose 2*f = -5 - 1. Let h(s) = f*g(s) + m*i(s). Calculate h(-1).
1
Let h(u) = u**2 + 13*u - 9. Let k be h(-14). Let c(t) = -9*t**2 + 2*t + 3. Let x(i) = -10*i**2 + 3*i + 4. Let g(q) = k*c(q) - 4*x(q). Calculate g(-1).
-4
Let u(t) = t - 7. Let q = -15 - -27. Let l be u(q). Let z(o) = -o + 6. Determine z(l).
1
Let o = 39 - 40. Let v(j) = 11*j**3 + j**2 + j. Determine v(o).
-11
Let t(s) = -s**2 + 7*s - 5. Let d be (-1)/2 - 2/(-4). Suppose 0*g = 3*g - 2*l - 8, 5*g + 4*l - 28 = d. Determine t(g).
7
Let s be 2/(-7) - (-48)/21. Let y(x) = -3 + 1 + 4 + x**2 + x. Determine y(s).
8
Let a(n) = -n**2 + 6*n**3 + 5*n**3 + 2*n - n. Suppose 4 = 15*i - 11. Give a(i).
11
Let l(p) be the third derivative of p**8/10080 + p**7/1680 - p**6/180 - p**5/20 - 2*p**2. Let u(s) be the third derivative of l(s). Determine u(-3).
5
Let f(j) = j**3 - 7*j**2 - 5*j - 10. Suppose -54*z = -51*z - 24. Determine f(z).
14
Let j be -1*(3 + -3 + -1). Let v = j + -4. Let x(q) = -3*q + 1. Determine x(v).
10
Suppose 5*q + 2 = -13. Let x(c) = 3*c + 4. Let z(o) = o**2 - 8*o - 12. Let i(v) = 7*x(v) + 2*z(v). Give i(q).
7
Let m(v) be the first derivative of v**2/2 + 9*v + 1. Let h = 0 + 0. Determine m(h).
9
Suppose -5*s + 27 = 4*l, s = -5*l + 9 + 9. Suppose 0 = n + l*n. Let i(x) = 0*x - x + 2*x - 4. What is i(n)?
-4
Suppose -4*z = z - 5. Let v(p) = -z + 1 - 3 - p - 2. Give v(-6).
1
Suppose 19 = 5*k - q + 4*q, 2*q - 6 = 0. Let i(u) be the second derivative of -1/12*u**4 + 1/6*u**3 - u**2 + 2*u + 0. Determine i(k).
-4
Let b(t) = t**3 + 2*t**2. Let v be b(-2). Let h(f) = -1 + 3*f + 2 - 2*f + 2. Determine h(v).
3
Let k(o) = o**2 - 2*o - 1. Suppose 0*c = 4*c - 4*h - 16, 3*h = -4*c + 16. Calculate k(c).
7
Let x(c) = -c**3 - 5*c**2 - 4*c - 5. Suppose 0 = -5*n + 5 - 25. Let b be x(n). Let t(m) = -m**3 + 1 + 0*m**3 - 11*m + 18*m - 4*m**2. Calculate t(b).
-9
Let a(j) = j**2 + 3*j - 2. Let c be a(-4). Let k(o) = -7*o**2 + 6*o**c + 3 - 7*o - 8. Suppose -t + 0 = 5. Determine k(t).
5
Let t(h) = 4*h - 6*h**2 + 10 - 5 - h**3 + 14*h**2. Let b(u) = -3*u**3 + 23*u**2 + 12*u + 14. Let a(c) = -6*b(c) + 17*t(c). Calculate a(3).
-2
Let p(i) = -i - 3 + 2 - 3*i**2 + 4*i**2. Let z be p(-1). Let l(c) = -3*c**3 + 4*c - 5*c**2 + 3*c**3 + c**3 + z. Calculate l(4).
1
Let r(s) = 28*s**3 - 11*s**3 - 7*s**3 - 3*s**2 - s - 9*s**3 - 1. Suppose 0 = -4*y - 4, 2*d + 3*y - 5 = 4*y. Calculate r(d).
-7
Let v(a) be the first derivative of -a**6/360 + a**4/6 - 2*a**3 - 5. Let i(b) be the third derivative of v(b). Determine i(3).
-5
Let q(i) = i**2 + i + 1. Let d(s) = -6*s**2 - 7*s. Let p(n) = d(n) + 4*q(n). Suppose -32*z + 28*z - 12 = 0. Determine p(z).
-5
Suppose 0 = 3*g - 19 + 4. Let i(p) = -3*p**3 - 2*p**2 + 9*p + 1. Let l(u) = -5*u**3 - 5*u**2 + 17*u + 1. Let n(v) = 7*i(v) - 4*l(v). Give n(g).
3
Let t(y) = -17*y**2 - 18*y**2 - 9*y**2 - 5*y + 3 + 45*y**2. What is t(6)?
9
Let o(t) be the first derivative of t**2/2 - 10. Give o(0).
0
Let o = 127 + -376/3. Let u(r) be the first derivative of -1/4*r**4 - 2 - 3/2*r**2 + r + o*r**3. Determine u(4).
5
Suppose 0 = -20*u - 8*u - 140. Let p(v) = 4*v**2 - 7*v + 2 - 2*v**3 + 3*v**3 + 3*v. Give p(u).
-3
Let g(q) = 2*q**3 - 4*q**2 + 4*q - 2. Let b(u) = -23*u + 29*u - 2 + 1. Let i be b(-1). Let d = 9 + i. What is g(d)?
6
Let z(f) = -3*f + 0 + 10 - 2*f**2 - 6. Determine z(-3).
-5
Suppose 0 = 5*z - 10, 0*h - 4*z = 5*h - 28. Let l(o) = o + 0 - 2 + h - 1. Calculate l(-6).
-5
Let z = -21 + 22. Let m(o) = 16*o - 1. Determine m(z).
15
Let z(p) = -p**2 - 5*p - 3. Let g = 55 - 60. Give z(g).
-3
Let q(a) = -11 - a + 2 + 0 + 3. Give q(-10).
4
Let f(w) = w**2 + 3*w + 3. Let o be 6/(-18)*(7 - 1). What is f(o)?
1
Suppose 3*w + 13 = 13. Let t(u) = 2*u**3 - 7*u**2 - 3*u - 9. Let n(x) = x**3 - 3*x**2 - x - 4. Let l(d) = 5*n(d) - 2*t(d). Determine l(w).
-2
Let j(w) = 4*w**2 - 4*w**2 + w**2 - 2*w**2. Give j(-4).
-16
Let l(t) = -8 - 2*t + 4*t**2 - 3*t**2 - t + 5. Calculate l(5).
7
Let w(r) = -2*r - 4. Let o be w(-3). Let t(h) = -2 + o*h - 5 + 8. What is t(3)?
7
Let k be -8*1*1 - 1. Let r(o) = o**2 + 10*o + 5. Calculate r(k).
-4
Let m(z) be the third derivative of -z**5/60 - z**4/8 + z**3/3 + 6*z**2. Determine m(-5).
-8
Let x = -7/30 + 2/5. Let t(l) be the third derivative of -1/6*l**4 + 0*l - 1/60*l**5 + 2*l**2 + 0 - x*l**3. Determine t(-5).
-6
Let m(h) = 2*h - 2. Let b(f) = -3*f + 1. Let i(r) = b(r) + m(r). Suppose o + 4*o = 5*p - 15, -4*o - 28 = 4*p. What is i(o)?
4
Let s(k) = 3*k + k**3 - 2*k**2 + 1 + 6 - 4*k**2. Let n be s(5). Let m(j) = j**3 + 3*j**2 + 2*j + 1. Calculate m(n).
-5
Suppose -1 = 3*k + 17. Let s(i) = -i**3 - 5*i**2 + 8*i + 8. Calculate s(k).
-4
Let s(i) = i**3 + 4*i**2 + 4*i. Suppose 16 = -y + 5*y. Suppose -4*k + 24 = 2*t, y*t - 2*t - 14 = -2*k. Suppose 19 = -3*d + 2*z, 3*d + 3*z - 1 = k. Give s(d).
-3
Let k(h) = -h**2 + 15*h - 18. Let w be k(14). Let m(p) be the third derivative of -1/12*p**4 + 0 - 5/6*p**3 + 2*p**2 + 0*p. Determine m(w).
3
Let f(t) be the first derivative of t**4/8 + t**3 - t**2 + 3. Let b(x) be the second derivative of f(x). Calculate b(-4).
-6
Let u(k) = -4*k + 6*k**2 - 2*k**2 - 2*k**2 - 1 - k**2. What is u(3)?
-4
Suppose 6*i = 2*i - 5*j + 9, 5*i - j + 25 = 0. Let d(a) = -3*a**3 + 1 + 0*a + 4*a - 3*a**2 + 2*a**3. Determine d(i).
1
Let d(s) = s + 4 + 3*s - 2 - 1. Determine d(-1).
-3
Let y(m) = -m**3 - 5*m**2 - m + 5. Suppose -5*k + 3*w + 0 = 14, 5*w = -2*k - 18. What is y(k)?
-7
Suppose -20 = 2*j + 4*l, -5*j + 19 + 1 = -4*l. Let a(q) = -q + 4. Calculate a(j).
4
Let f(j) be the second derivative of 1/2*j**2 - 2/3*j**3 - j + 0. What is f(1)?
-3
Let s(j) = -6*j - 2. Suppose -7 = -4*q + 5*q. Let w be s(q). Suppose -4*z + w = 5*n, 5*n + 3 = 23. Let f(y) = y**2 - 6*y - 4. Calculate f(z).
-9
Let d be 1/(-3) + 16/(-6). Let c(s) = 19*s - 5. Let g(q) = 9*q - 2. Let b(y) = 6*c(y) - 13*g(y). What is b(d)?
5
Let h(i) = 4*i + 1. Let k(b) = b. Let c(x) = h(x) - 6*k(x). Suppose 5*n + w = 29, -n - 3*w + 21 = w. Let t = -8 + n. Calculate c(t).
7
Let z(o) = -2*o + o**2 + 0*o - 2*o + 5 - 2*o. What is z(4)?
-3
Let m(o) = o**2 + 7*o - 8. Let u = -21 - -35. Suppose n + n = -u. Calculate m(n).
-8
Suppose -6 = -2*g - g. Suppose g*c + 2*c = 0. Let l(z) be the first derivative of -z**2/2 + 4*z + 1. Calculate l(c).
4
Suppose 6 - 1 = p. Suppose -3*f + 13 = p*v, 2*v = 2*f + 10 + 8. Let r(b) = 2*b + 5. Let q be r(f). Let m(t) = -t - 3. Determine m(q).
0
Let w = -27 - -21. Let n(x) = -x**3 - 6*x**2 - 7. Let v be n(w). Let o(a) = -a**2 - 6*a + 8. What is o(v)?
1
Let q(m) = 2*m + 1. Let f(p) = -p**2 + 2*p + 2. Let h(g) = g**2 - 2. Let z be h(2). Let c(r) = z*f(r) - 3*q(r). Calculate c(1).
-3
Let u(t) = -2*t**3 + 3*t**2 - t. Let p be u(1). Let w(l) = -6*l. Let a(n) = 5*n + 1. Let r(y) = 7*a(y) + 6*w(y). Give r(p).
7
Let z(c) = c**3 + 6*c**2 + 3*c - 3. Let v(x) = -7*x. Let h be v(1). Let r = h - -2. Calculate z(r).
7
Let o(i) = 5*i**2. Let r be o(1). Let f(x) = -x. Calculate f(r).
-5
Let h(w) be the second derivative of w**3/6 + 7*w**2/2 - 19*w. What is h(5)?
12
Let a = 0 + -1. Let u be 10/(-8) - a/4. Let n(h) be the first derivative of 5*h**3/3 + 5. Give n(u).
5
Let j(q) = -q**2 + 2*q + 3. Let i be ((-6)/4)/((-1)/2). Let t be (28/8)/(2/4). Let b = t - i. Determine j(b).
-5
Suppose 2*p = 4*n - 14, -29 = -2*p - p - 4*n. Let u(b) = -2 + b**3 + b**2 + 